l(w) be the third derivative of 0*w - 1/3*w**3 + 2*w**2 + 0 - 1/24*w**4. Give l(3).
-5
Let k(z) be the third derivative of -2/15*z**5 - 5/6*z**3 + 0*z + 7/24*z**4 + 8*z**2 + 1/120*z**6 + 0. Give k(7).
-5
Let s(o) be the second derivative of o**4/6 - 4*o**3/3 + 3*o**2 - 20*o. Calculate s(5).
16
Suppose 0 = -4*v - 8, 27 = 5*d + 2*v - 4. Let h(c) = 3*c + 10. Let u(r) = -r - 3. Let z(p) = d*u(p) + 2*h(p). Determine z(-5).
4
Let v(r) be the second derivative of 0 + 1/2*r**2 + 1/6*r**4 + 2/3*r**3 + 8*r. What is v(-3)?
7
Let l(j) be the first derivative of j**6/180 + j**4/24 - j**3/3 + 1. Let h(g) be the third derivative of l(g). Determine h(-1).
3
Suppose -2*o = -0*o + 4. Let p(d) = 2*d + 1. Calculate p(o).
-3
Let c(t) = -t**3 - 4*t**2 - 3*t + 1. Let p = 9 + -4. Let s = 8 - p. Let b(j) = -j**3 + 3*j**2 - 3. Let y be b(s). What is c(y)?
1
Let h = -147 + 150. Let v(c) = -c**2 + 1. Calculate v(h).
-8
Let a(l) = l**2 - 6*l + 4. Suppose x + 0*x - 6 = 0. Give a(x).
4
Let q(n) = -n**2 + 2*n + 4. Suppose 0 = -3*f - 9. Determine q(f).
-11
Let a(m) = -m - 7. Let x(c) = c + 15. Let n(p) = 9*a(p) + 4*x(p). Give n(-2).
7
Let a(v) be the first derivative of 9*v**2/2 - v - 8. Calculate a(-1).
-10
Let i be -5*(63/(-15) + 4). Let p(x) be the second derivative of x**3/6 - x. Give p(i).
1
Let m(n) = n**2 + 3*n. Let l be 5 + (-5 - (3 - 6)). Suppose -l*p + 7 = t + 2*p, 5*p - 19 = 3*t. Give m(t).
0
Let p = 7 + -4. Suppose -p*o = -23 + 5. Let t(c) = -3 + 5 + 2 - 2*c. Calculate t(o).
-8
Let h(c) = -495*c + 105. Let l(m) = -19*m + 4. Let o(u) = -4*h(u) + 105*l(u). What is o(-1)?
15
Let w(n) be the first derivative of -n**3/3 - 7*n**2/2 - 7*n - 23. What is w(-7)?
-7
Let k be (12/(-4))/3*1. Let f(o) = 9*o**2 + o. What is f(k)?
8
Let f(u) be the second derivative of -u**3/2 + u**2 - 49*u. Give f(-2).
8
Suppose -i - 14 = -g - 13, 3*g - 4*i = 0. Let a(n) = 6 + n**3 - 3*n**2 - 3 - 5*n + 0. Give a(g).
-1
Let h(v) = 3*v**2 - 2*v + 0*v - v**3 + 0*v**2. Suppose 5*m + 0*m + 30 = 5*w, 0 = -5*w - 5*m. Calculate h(w).
-6
Suppose 6 - 50 = -11*g. Let d(u) = 2*u**2 - 5*u - 3. Determine d(g).
9
Let t = 2 + 2. Let i(o) = o + 1. Determine i(t).
5
Let p(z) = z**3 + 5*z**2 + 3*z + 4. Suppose 4*v + v = 4*s + 2, v + 4 = 3*s. Let u be 2 + (2 - 2) - 5. Let w = u - s. Give p(w).
-11
Let y(u) = -u**2 + 2. Let h be y(-2). Let k be (h - 0) + (0 - -3). Let w = 1 + k. Let r(o) = -2*o - 1. What is r(w)?
-5
Let n = -2 + 2. Let h be n*(0 - (-1)/2). Suppose 8 = w - s, h*w - 8 = -4*w - 2*s. Let v(u) = -u**2 + 4*u + 1. Calculate v(w).
1
Let d(q) = -2*q**2 + q - 4. Let k(y) = -y + 1. Let i(u) = d(u) + 4*k(u). Let j be 4/(-1*(-3 + 4)). Let n be j*(-2 + 15/6). What is i(n)?
-2
Let d(l) = -3*l**3 - 1. Let q(y) = -y**2 - 5*y - 3. Let m = -5 - -1. Let v be q(m). Calculate d(v).
-4
Let n = 3 - 14. Let m = n - -12. Let j(k) be the third derivative of 7*k**6/120 + k**5/60 + k**2. Calculate j(m).
8
Let f(c) = -2*c**2 - c + 1. Suppose 4*s - 3 = 5. What is f(s)?
-9
Let k = -8 + 4. Let q(v) be the first derivative of -v**4/12 - 5*v**3/6 - v**2/2 + 5*v - 5. Let r(u) be the first derivative of q(u). Determine r(k).
3
Let d(t) = -17*t - 19. Let k(y) = 8*y + 9. Let h(j) = -6*d(j) - 13*k(j). Calculate h(4).
-11
Let l(m) be the second derivative of 0 - 2*m - 1/6*m**3 + 3*m**2. Determine l(4).
2
Let u = 19 - 17. Let y(i) be the first derivative of -1/2*i**u - 2 - 3*i. Determine y(-4).
1
Let b(x) = -2*x**2 - 3*x + 2. Let f be ((-4)/6)/((-2)/30). Let d be ((-15)/f)/(1/2). What is b(d)?
-7
Let w(u) be the third derivative of -u**4/24 - 17*u**3/6 - 2*u**2. Let b be w(-10). Let k = b + 12. Let i(r) = r**3 - 5*r**2 + 7. Determine i(k).
7
Let u(g) = 5*g**3 + g**2 + 15*g - 1. Let i(o) = -9*o**3 - o**2 - 29*o + 1. Let m(b) = 6*i(b) + 11*u(b). Determine m(-6).
13
Let b(r) = 18*r**3 + 2*r**2 - r. Let k be b(1). Let u = 14 - k. Let a(j) = -5*j - 3*j**2 - 2 + 9 + 2*j**2. What is a(u)?
7
Let h(j) = j**2 - 7*j + 8. Suppose 0 = -g - g + 10. Suppose -12 = -g*a + 18. Determine h(a).
2
Let c(m) be the third derivative of m**4/4 + 7*m**2. What is c(-1)?
-6
Let p(z) = 2*z + 6. Suppose 0 = -u - 5*q + 15, -37 = -2*u + 7*u - 3*q. Calculate p(u).
-4
Let m(n) = 3 - 22*n + 5 + 23*n + 7*n**2 - n**3. What is m(7)?
15
Let z(l) = 1 + 4*l + 0*l - 3*l - 10. What is z(4)?
-5
Let s(x) = -x**3 + 9*x**2 - 9*x + 4. Suppose -3*g - 4*n + 21 = 5, -4*g = -4*n - 40. Calculate s(g).
-4
Let p(c) = -5*c**3 + 6*c**3 + 5*c + 2 + 3*c**2 - 6 - 9*c. What is p(-4)?
-4
Let g(q) = -2*q + 2. Suppose -5*r + 9 = -2*r. What is g(r)?
-4
Suppose 0 = -2*w - 0*w. Let r(j) = -7*j - 1. Let t(b) = 8*b + 1. Let f(d) = -7*r(d) - 6*t(d). Let h(m) = 2*m. Let n(x) = -3*f(x) + h(x). Calculate n(w).
-3
Suppose -12 + 38 = t - 5*m, -2*m = -2*t + 20. Let d(u) = -u - u + 3*u. Let g(o) = -8*o. Let x(z) = t*d(z) + g(z). What is x(4)?
-8
Let q(d) = -d**3 + 5*d**2 - 2*d. Suppose 0 = -3*v + 4*x + 12, v = 3*v - 2*x - 8. Determine q(v).
8
Let v(d) = 2*d + 9. Let s be v(-6). Let y be 3*s/(-1*9). Let n(k) = 2*k. Let q be n(y). Let c(l) = 2*l**2 - 2*l + 2. Determine c(q).
6
Let t(h) = 2*h**2 + 1. Suppose -s = -2 - 2, 4*i = 5*s - 20. Suppose -2*m + 6*m - 8 = i. Let v be (0 - 2) + m - 2. Determine t(v).
9
Let x(d) = 2*d + 3. Let s be x(4). Let k(g) = -s*g + 1 + 5*g - g**3 + 0*g**2 - 6*g**2. Give k(-5).
6
Let u(r) = -2 - 8*r + r + 6*r - 5. What is u(-8)?
1
Let i(z) be the first derivative of z**3/3 - z - 1. Suppose -o = -2*r + 7 - 1, 5*r - 12 = 4*o. Let w be i(o). Let q(j) = 2*j + 1. Calculate q(w).
7
Suppose j = -j + 8, w = j. Let b(h) = -4*h + 8 + w*h - h. Suppose 0 = -8*g + 5*g + 15. Give b(g).
3
Let h = 176 - 174. Let b(f) be the second derivative of 1/12*f**4 - 5*f + 7/2*f**h + f**3 + 0. What is b(-6)?
7
Let q(l) = -l**2 - l + 5. Suppose 3*i - k + 0*k = -1, 5*i + 3*k - 3 = 0. What is q(i)?
5
Let q(x) = x**3 + 19*x**2 - 3 + 0*x**3 - 4 - 14*x**2. Suppose -p = -5*b + 15, -2*p - 3*b = -0*p + 4. Calculate q(p).
-7
Let o be ((-14)/4)/((-1)/2). Let g be (-30)/8 + (-2)/8. Let u = g + o. Let z(i) = -i + 1. Give z(u).
-2
Let i(t) be the second derivative of 7*t**5/10 - t**4/3 + 11*t**3/6 + 9*t. Let n(q) = 5*q**3 - q**2 + 4*q. Let m(o) = -4*i(o) + 11*n(o). Give m(5).
0
Let f(x) be the third derivative of x**5/60 - x**4/12 + x**3/6 - 2*x**2. Suppose 0*o = -3*o - z + 5, -4*o + 4*z = -28. Calculate f(o).
4
Suppose 5*r - 2*r - 24 = 0. Let t(n) = -r*n**2 + n**3 + 2*n**2 + n + 2*n. What is t(5)?
-10
Let g = 26 + -31. Let s(x) = -x. Give s(g).
5
Let u = -6 - -2. Let t = -1 - u. Let a(q) = 0*q - 6*q - q**3 + t + 6*q**2 + 2. Determine a(5).
0
Suppose 6 = -t - v, 3*t - 2*v = 5 - 23. Let j(n) = -2 + 3 + n + 2 - 2. What is j(t)?
-5
Let k(f) = -f + 1. Suppose -s + 41 = 2*s + 4*b, 4*b - 6 = 2*s. Determine k(s).
-6
Let t(u) be the first derivative of u**5/20 - u**4/24 - u**3 + 1. Let j(x) be the third derivative of t(x). Give j(1).
5
Let w(c) be the second derivative of -c**4/12 + c**3/6 + 3*c**2/2 - 30*c. Suppose -2*s + 6*s + 12 = 0. Calculate w(s).
-9
Suppose 8 = 4*f + 4. Let j(h) = 5*h**3 - 9*h - 9. Let m(c) = -c**3 + 2*c + 2. Let q(b) = 2*j(b) + 9*m(b). Give q(f).
1
Let l(t) = -t**2 - 6*t. Let p be l(-5). Let f(a) = p*a - 3 + a - a**2 - 3*a. Suppose 0 = -4*h - 5*q + 3, -h + 0*h + q + 3 = 0. What is f(h)?
-1
Let x(o) be the third derivative of -o**6/120 - 2*o**5/15 - 7*o**4/24 + 4*o**3/3 - 20*o**2. Determine x(-7).
8
Let x(m) = 2*m - 7. Let q be x(6). Suppose -q*k - 11 - 9 = 0. Let a(y) = -2*y + 2. Let u(v) = 5*v - 3. Let n(i) = 7*a(i) + 3*u(i). Calculate n(k).
1
Let g(r) = -5*r + 1. Let t be 0/(-2 - (-4)/1). Let i be 1/(-1) + t/1. Calculate g(i).
6
Let m be ((-7)/3)/(10/30). Let u = m + 7. Let o(x) = 1 + 1 - x + 4. Calculate o(u).
6
Let c = -30 + 50. Let t = c - 14. Let w(u) = 3*u - 9. What is w(t)?
9
Suppose -g = 3*k - 5*k + 6, 2 = 3*g - k. Let m(y) = -4*y**2 + 2*y**g + 3 + y**2. Let c = 0 - 0. What is m(c)?
3
Suppose -i - i = 0. Let a(n) = 7*n + 28. Let l(j) = 3*j + 14. Let z(p) = 2*a(p) - 5*l(p). Calculate z(i).
-14
Let f(w) = -w**2. Let v be (-41)/(-4) - 4/16. Let l be (-4)/v*10/2. Let r be f(l). Let d(o) = o - 3. Give d(r).
-7
Let h(f) = 7*f**2 + 8*f + 7. Let u(v) = -2*v + 2. Let c be u(3). Let n(w) = -15*w**2 - 17*w - 15. Let d(x) = c*n(x) - 9*h(x). Determine d(-2).
-7
Let g(c) = -c**2 - 3 + 3*c + 1 + 0*c**2. Let s(q) = 2*q